 of 104818.
2, 7, 7487
What are the prime factors of 409?
409
List the prime factors of 1332.
2, 3, 37
List the prime factors of 213.
3, 71
List the prime factors of 956.
2, 239
What are the prime factors of 1135?
5, 227
What are the prime factors of 15452?
2, 3863
What are the prime factors of 8393?
7, 11, 109
List the prime factors of 22689.
3, 2521
What are the prime factors of 3354?
2, 3, 13, 43
List the prime factors of 36556.
2, 13, 19, 37
What are the prime factors of 1466?
2, 733
List the prime factors of 11455.
5, 29, 79
List the prime factors of 58815.
3, 5, 1307
What are the prime factors of 15443?
15443
List the prime factors of 80.
2, 5
What are the prime factors of 2103?
3, 701
List the prime factors of 2154.
2, 3, 359
List the prime factors of 17507.
7, 41, 61
List the prime factors of 36491.
7, 13, 401
List the prime factors of 1151.
1151
List the prime factors of 65042.
2, 17, 1913
List the prime factors of 497.
7, 71
What are the prime factors of 1576?
2, 197
List the prime factors of 962.
2, 13, 37
What are the prime factors of 1216?
2, 19
List the prime factors of 2386.
2, 1193
List the prime factors of 1296.
2, 3
List the prime factors of 383.
383
What are the prime factors of 171142?
2, 85571
List the prime factors of 2478.
2, 3, 7, 59
What are the prime factors of 737?
11, 67
What are the prime factors of 2933?
7, 419
List the prime factors of 2030.
2, 5, 7, 29
What are the prime factors of 3925?
5, 157
What are the prime factors of 27921?
3, 41, 227
What are the prime factors of 54065?
5, 11, 983
What are the prime factors of 3077?
17, 181
What are the prime factors of 72088?
2, 9011
What are the prime factors of 95837?
7, 13691
What are the prime factors of 436?
2, 109
What are the prime factors of 26546?
2, 13, 1021
What are the prime factors of 165?
3, 5, 11
List the prime factors of 9016.
2, 7, 23
What are the prime factors of 14593?
14593
List the prime factors of 1254.
2, 3, 11, 19
List the prime factors of 1003.
17, 59
List the prime factors of 42407.
42407
What are the prime factors of 193?
193
List the prime factors of 136456.
2, 37, 461
What are the prime factors of 48244?
2, 7, 1723
List the prime factors of 95135.
5, 53, 359
What are the prime factors of 706?
2, 353
What are the prime factors of 2682?
2, 3, 149
What are the prime factors of 58389?
3, 19463
What are the prime factors of 6958?
2, 7, 71
List the prime factors of 6210.
2, 3, 5, 23
What are the prime factors of 5196?
2, 3, 433
What are the prime factors of 63291?
3, 17, 73
List the prime factors of 2672.
2, 167
List the prime factors of 8877.
3, 11, 269
List the prime factors of 34139.
7, 4877
What are the prime factors of 46828?
2, 23, 509
What are the prime factors of 12692?
2, 19, 167
What are the prime factors of 1832?
2, 229
What are the prime factors of 1444?
2, 19
What are the prime factors of 722?
2, 19
What are the prime factors of 150684?
2, 3, 29, 433
What are the prime factors of 12226?
2, 6113
List the prime factors of 111.
3, 37
What are the prime factors of 97716?
2, 3, 17, 479
List the prime factors of 201.
3, 67
What are the prime factors of 151075?
5, 6043
List the prime factors of 11968.
2, 11, 17
What are the prime factors of 1567?
1567
List the prime factors of 11583.
3, 11, 13
What are the prime factors of 12321?
3, 37
List the prime factors of 193592.
2, 7, 3457
List the prime factors of 6383.
13, 491
List the prime factors of 2128.
2, 7, 19
List the prime factors of 2335.
5, 467
List the prime factors of 186.
2, 3, 31
What are the prime factors of 775?
5, 31
List the prime factors of 7773.
3, 2591
What are the prime factors of 1141?
7, 163
List the prime factors of 570.
2, 3, 5, 19
What are the prime factors of 78059?
78059
What are the prime factors of 118370?
2, 5, 7, 19, 89
List the prime factors of 772.
2, 193
List the prime factors of 23688.
2, 3, 7, 47
List the prime factors of 6563.
6563
List the prime factors of 4170.
2, 3, 5, 139
What are the prime factors of 78669?
3, 8741
What are the prime factors of 1014?
2, 3, 13
List the prime factors of 43.
43
What are the prime factors of 4325?
5, 173
What are the prime factors of 1142?
2, 571
What are the prime factors of 636?
2, 3, 53
List the prime factors of 2515.
5, 503
What are the prime factors of 5324?
2, 11
What are the prime factors of 7?
7
What are the prime factors of 4268?
2, 11, 97
List the prime factors of 30245.
5, 23, 263
What are the prime factors of 1466?
2, 733
What are the prime factors of 3638?
2, 17, 107
List the prime factors of 1407.
3, 7, 67
What are the prime factors of 603?
3, 67
What are the prime factors of 3111?
3, 17, 61
What are the prime factors of 1655?
5, 331
List the prime factors of 53232.
2, 3, 1109
What are the prime factors of 2433?
3, 811
What are the prime factors of 10347?
3, 3449
What are the prime factors of 13062?
2, 3, 7, 311
List the prime factors of 1159.
19, 61
What are the prime factors of 47987?
47, 1021
List the prime factors of 7455.
3, 5, 7, 71
List the prime factors of 2828.
2, 7, 101
List the prime factors of 1312.
2, 41
What are the prime factors of 12917?
12917
What are the prime factors of 11468?
2, 47, 61
What are the prime factors of 21584?
2, 19, 71
List the prime factors of 6471.
3, 719
What are the prime factors of 1327?
1327
List the prime factors of 8971.
8971
What are the prime factors of 1821?
3, 607
What are the prime factors of 59447?
59447
What are the prime factors of 1136?
2, 71
What are the prime factors of 13273?
13, 1021
List the prime factors of 1931.
1931
List the prime factors of 48023.
48023
List the prime factors of 10828.
2, 2707
List the prime factors of 8700.
2, 3, 5, 29
What are the prime factors of 1238?
2, 619
List the prime factors of 33.
3, 11
What are the prime factors of 12405?
3, 5, 827
List the prime factors of 8911.
7, 19, 67
What are the prime factors of 839?
839
What are the prime factors of 300?
2, 3, 5
List the prime factors of 106689.
3, 11, 53, 61
What are the prime factors of 14166?
2, 3, 787
What are the prime factors of 5360?
2, 5, 67
What are the prime factors of 1152?
2, 3
List the prime factors of 39177.
3, 1451
List the prime factors of 1313.
13, 101
List the prime factors of 9118.
2, 47, 97
List the prime factors of 2033.
19, 107
List the prime factors of 2143.
2143
What are the prime factors of 101648?
2, 6353
What are the prime factors of 8744?
2, 1093
List the prime factors of 590.
2, 5, 59
What are the prime factors of 5898?
2, 3, 983
What are the prime factors of 14172?
2, 3, 1181
What are the prime factors of 1460?
2, 5, 73
List the prime factors of 2212.
2, 7, 79
What are the prime factors of 319?
11, 29
List the prime factors of 1512.
2, 3, 7
List the prime factors of 405.
3, 5
What are the prime factors of 122?
2, 61
What are the prime factors of 5424?
2, 3, 113
List the prime factors of 1317.
3, 439
List the prime factors of 41590.
2, 5, 4159
List the prime factors of 720.
2, 3, 5
List the prime factors of 782.
2, 17, 23
List the prime factors of 31402.
2, 7, 2243
What are the prime factors of 3674?
2, 11, 167
List the prime factors of 7962.
2, 3, 1327
List the prime factors of 4701.
3, 1567
What are the prime factors of 270?
2, 3, 5
List the prime factors of 248.
2, 31
What are the prime factors of 4931?
4931
List the prime factors of 6455.
5, 1291
List the prime factors of 2791.
2791
List the prime factors of 1025.
5, 41
List the prime factors of 6090.
2, 3, 5, 7, 29
What are the prime factors of 1115?
5, 223
What are the prime factors of 9740?
2, 5, 487
What are the prime factors of 18044?
2, 13, 347
List the prime factors of 3480.
2, 3, 5, 29
List the prime factors of 18454.
2, 9227
List the prime factors of 5083.
13, 17, 23
What are the prime factors of 12702?
2, 3, 29, 73
What are the prime factors of 42506?
2, 53, 401
List the prime factors of 2307.
3, 769
What are the prime factors of 22189?
22189
List the prime factors of 999.
3, 37
List the prime factors of 9817.
9817
What are the prime factors of 638?
2, 11, 29
What are the prime factors of 7565?
5, 17, 89
List the prime factors of 6182.
2, 11, 281
List the prime factors of 78607.
78607
What are the prime factors of 73310?
2, 5, 7331
What are the prime factors of 51645?
3, 5, 11, 313
List 